{"id":26,"date":"2023-11-23T21:00:00","date_gmt":"2023-11-23T18:00:00","guid":{"rendered":"https:\/\/ugurozalit.com\/?page_id=26"},"modified":"2024-11-13T21:54:14","modified_gmt":"2024-11-13T18:54:14","slug":"iletisim","status":"publish","type":"page","link":"https:\/\/ugurozalit.com\/index.php\/iletisim\/","title":{"rendered":"\u0130leti\u015fim"},"content":{"rendered":"<p><iframe style=\"border: 0; width: 100%; height: 450px;\" src=\"https:\/\/www.google.com\/maps\/embed?pb=!1m18!1m12!1m3!1d48172.03274247868!2d28.8688!3d41.0088!2m3!1f0!2f0!3f0!3m2!1i1024!2i768!4f13.1!3m3!1m2!1s0x14caa4e30ee2f9a7%3A0xa5625410413da622!2sUGUR%20OZAL%C4%B0T%20-%20UGURFORM%20MATBAA!5e0!3m2!1str!2str!4v1731523959401!5m2!1str!2str\" allowfullscreen=\"allowfullscreen\"><\/iframe><\/p>\n\n\n<p><strong>\u0130LET\u0130\u015e\u0130M B\u0130LG\u0130LER\u0130<\/strong><\/p>\n\n\n\n<figure class=\"wp-block-table\"><table><tbody><tr><td colspan=\"2\"><strong>U\u011eUR OZAL\u0130T MATBAA FOTOKOP\u0130 &#8211; RENKL\u0130 \u00c7IKTI &#8211; D\u0130J\u0130TAL BASKI MERKEZ\u0130<\/strong><\/td><\/tr><tr><td>M\u00fc\u015fteri Hizmetleri :<\/td><td>0(212) 489 31 48<\/td><\/tr><tr><td>Whatsapp:<\/td><td>0(539) 680 82 60<\/td><\/tr><tr><td>Adres:<\/td><td>G\u00fcne\u015fli Mah. \u00dcsk\u00fcp Cad. No: 24 Ba\u011fc\u0131lar, \u0130STANBUL<\/td><\/tr><tr><td>E-Posta:<\/td><td>ugur.2008@hotmail.com<\/td><\/tr><tr><td>\u00c7al\u0131\u015fma Saatleri:<\/td><td>Pazartesi, Sal\u0131, \u00c7ar\u015famba, Per\u015fembe, Cuma, Cumartesi,<br>09:00 \u2013 19:00<\/td><\/tr><\/tbody><\/table><\/figure>\n","protected":false},"excerpt":{"rendered":"<p>\u0130LET\u0130\u015e\u0130M B\u0130LG\u0130LER\u0130 U\u011eUR OZAL\u0130T MATBAA FOTOKOP\u0130 &#8211; RENKL\u0130 \u00c7IKTI &#8211; D\u0130J\u0130TAL BASKI MERKEZ\u0130 M\u00fc\u015fteri Hizmetleri : 0(212) 489 31 48 Whatsapp: 0(539) 680 82 60 Adres: G\u00fcne\u015fli Mah. \u00dcsk\u00fcp Cad. No: 24 Ba\u011fc\u0131lar, \u0130STANBUL E-Posta: ugur.2008@hotmail.com \u00c7al\u0131\u015fma Saatleri: Pazartesi, Sal\u0131, \u00c7ar\u015famba, Per\u015fembe, Cuma, Cumartesi,09:00 \u2013 19:00<\/p>\n","protected":false},"author":1,"featured_media":0,"parent":0,"menu_order":0,"comment_status":"closed","ping_status":"closed","template":"","meta":{"_themeisle_gutenberg_block_has_review":false,"footnotes":""},"class_list":["post-26","page","type-page","status-publish","hentry"],"yoast_head":"<!-- This site is optimized with the Yoast SEO plugin v27.5 - https:\/\/yoast.com\/product\/yoast-seo-wordpress\/ -->\n<title>\u0130leti\u015fim - U\u011fur Ozalit<\/title>\n<meta name=\"robots\" content=\"index, follow, max-snippet:-1, max-image-preview:large, max-video-preview:-1\" \/>\n<link rel=\"canonical\" href=\"https:\/\/ugurozalit.com\/index.php\/iletisim\/\" \/>\n<meta property=\"og:locale\" content=\"tr_TR\" \/>\n<meta property=\"og:type\" content=\"article\" \/>\n<meta property=\"og:title\" content=\"\u0130leti\u015fim - U\u011fur Ozalit\" \/>\n<meta property=\"og:description\" content=\"\u0130LET\u0130\u015e\u0130M B\u0130LG\u0130LER\u0130 U\u011eUR OZAL\u0130T MATBAA FOTOKOP\u0130 &#8211; RENKL\u0130 \u00c7IKTI &#8211; D\u0130J\u0130TAL BASKI MERKEZ\u0130 M\u00fc\u015fteri Hizmetleri : 0(212) 489 31 48 Whatsapp: 0(539) 680 82 60 Adres: G\u00fcne\u015fli Mah. \u00dcsk\u00fcp Cad. No: 24 Ba\u011fc\u0131lar, \u0130STANBUL E-Posta: ugur.2008@hotmail.com \u00c7al\u0131\u015fma Saatleri: Pazartesi, Sal\u0131, \u00c7ar\u015famba, Per\u015fembe, Cuma, Cumartesi,09:00 \u2013 19:00\" \/>\n<meta property=\"og:url\" content=\"https:\/\/ugurozalit.com\/index.php\/iletisim\/\" \/>\n<meta property=\"og:site_name\" content=\"U\u011fur Ozalit\" \/>\n<meta property=\"article:modified_time\" content=\"2024-11-13T18:54:14+00:00\" \/>\n<meta name=\"twitter:card\" content=\"summary_large_image\" \/>\n<meta name=\"twitter:label1\" content=\"Tahmini okuma s\u00fcresi\" \/>\n\t<meta name=\"twitter:data1\" content=\"1 dakika\" \/>\n<script type=\"application\/ld+json\" class=\"yoast-schema-graph\">{\"@context\":\"https:\\\/\\\/schema.org\",\"@graph\":[{\"@type\":\"WebPage\",\"@id\":\"https:\\\/\\\/ugurozalit.com\\\/index.php\\\/iletisim\\\/\",\"url\":\"https:\\\/\\\/ugurozalit.com\\\/index.php\\\/iletisim\\\/\",\"name\":\"\u0130leti\u015fim - U\u011fur Ozalit\",\"isPartOf\":{\"@id\":\"https:\\\/\\\/ugurozalit.com\\\/#website\"},\"datePublished\":\"2023-11-23T18:00:00+00:00\",\"dateModified\":\"2024-11-13T18:54:14+00:00\",\"breadcrumb\":{\"@id\":\"https:\\\/\\\/ugurozalit.com\\\/index.php\\\/iletisim\\\/#breadcrumb\"},\"inLanguage\":\"tr\",\"potentialAction\":[{\"@type\":\"ReadAction\",\"target\":[\"https:\\\/\\\/ugurozalit.com\\\/index.php\\\/iletisim\\\/\"]}]},{\"@type\":\"BreadcrumbList\",\"@id\":\"https:\\\/\\\/ugurozalit.com\\\/index.php\\\/iletisim\\\/#breadcrumb\",\"itemListElement\":[{\"@type\":\"ListItem\",\"position\":1,\"name\":\"Anasayfa\",\"item\":\"https:\\\/\\\/ugurozalit.com\\\/\"},{\"@type\":\"ListItem\",\"position\":2,\"name\":\"\u0130leti\u015fim\"}]},{\"@type\":\"WebSite\",\"@id\":\"https:\\\/\\\/ugurozalit.com\\\/#website\",\"url\":\"https:\\\/\\\/ugurozalit.com\\\/\",\"name\":\"U\u011fur Ozalit Dijital Bask\u0131 Merkezi\",\"description\":\"\",\"publisher\":{\"@id\":\"https:\\\/\\\/ugurozalit.com\\\/#organization\"},\"potentialAction\":[{\"@type\":\"SearchAction\",\"target\":{\"@type\":\"EntryPoint\",\"urlTemplate\":\"https:\\\/\\\/ugurozalit.com\\\/?s={search_term_string}\"},\"query-input\":{\"@type\":\"PropertyValueSpecification\",\"valueRequired\":true,\"valueName\":\"search_term_string\"}}],\"inLanguage\":\"tr\"},{\"@type\":\"Organization\",\"@id\":\"https:\\\/\\\/ugurozalit.com\\\/#organization\",\"name\":\"U\u011fur Ozalit Dijital Bask\u0131 Merkezi\",\"url\":\"https:\\\/\\\/ugurozalit.com\\\/\",\"logo\":{\"@type\":\"ImageObject\",\"inLanguage\":\"tr\",\"@id\":\"https:\\\/\\\/ugurozalit.com\\\/#\\\/schema\\\/logo\\\/image\\\/\",\"url\":\"https:\\\/\\\/ugurozalit.com\\\/wp-content\\\/uploads\\\/2023\\\/12\\\/UGUR-LOGO.png\",\"contentUrl\":\"https:\\\/\\\/ugurozalit.com\\\/wp-content\\\/uploads\\\/2023\\\/12\\\/UGUR-LOGO.png\",\"width\":1654,\"height\":1652,\"caption\":\"U\u011fur Ozalit Dijital Bask\u0131 Merkezi\"},\"image\":{\"@id\":\"https:\\\/\\\/ugurozalit.com\\\/#\\\/schema\\\/logo\\\/image\\\/\"},\"sameAs\":[\"https:\\\/\\\/www.instagram.com\\\/ugurdijitalbaski\\\/\"]}]}<\/script>\n<!-- \/ Yoast SEO plugin. -->","yoast_head_json":{"title":"\u0130leti\u015fim - U\u011fur Ozalit","robots":{"index":"index","follow":"follow","max-snippet":"max-snippet:-1","max-image-preview":"max-image-preview:large","max-video-preview":"max-video-preview:-1"},"canonical":"https:\/\/ugurozalit.com\/index.php\/iletisim\/","og_locale":"tr_TR","og_type":"article","og_title":"\u0130leti\u015fim - U\u011fur Ozalit","og_description":"\u0130LET\u0130\u015e\u0130M B\u0130LG\u0130LER\u0130 U\u011eUR OZAL\u0130T MATBAA FOTOKOP\u0130 &#8211; RENKL\u0130 \u00c7IKTI &#8211; D\u0130J\u0130TAL BASKI MERKEZ\u0130 M\u00fc\u015fteri Hizmetleri : 0(212) 489 31 48 Whatsapp: 0(539) 680 82 60 Adres: G\u00fcne\u015fli Mah. \u00dcsk\u00fcp Cad. No: 24 Ba\u011fc\u0131lar, \u0130STANBUL E-Posta: ugur.2008@hotmail.com \u00c7al\u0131\u015fma Saatleri: Pazartesi, Sal\u0131, \u00c7ar\u015famba, Per\u015fembe, Cuma, Cumartesi,09:00 \u2013 19:00","og_url":"https:\/\/ugurozalit.com\/index.php\/iletisim\/","og_site_name":"U\u011fur Ozalit","article_modified_time":"2024-11-13T18:54:14+00:00","twitter_card":"summary_large_image","twitter_misc":{"Tahmini okuma s\u00fcresi":"1 dakika"},"schema":{"@context":"https:\/\/schema.org","@graph":[{"@type":"WebPage","@id":"https:\/\/ugurozalit.com\/index.php\/iletisim\/","url":"https:\/\/ugurozalit.com\/index.php\/iletisim\/","name":"\u0130leti\u015fim - U\u011fur Ozalit","isPartOf":{"@id":"https:\/\/ugurozalit.com\/#website"},"datePublished":"2023-11-23T18:00:00+00:00","dateModified":"2024-11-13T18:54:14+00:00","breadcrumb":{"@id":"https:\/\/ugurozalit.com\/index.php\/iletisim\/#breadcrumb"},"inLanguage":"tr","potentialAction":[{"@type":"ReadAction","target":["https:\/\/ugurozalit.com\/index.php\/iletisim\/"]}]},{"@type":"BreadcrumbList","@id":"https:\/\/ugurozalit.com\/index.php\/iletisim\/#breadcrumb","itemListElement":[{"@type":"ListItem","position":1,"name":"Anasayfa","item":"https:\/\/ugurozalit.com\/"},{"@type":"ListItem","position":2,"name":"\u0130leti\u015fim"}]},{"@type":"WebSite","@id":"https:\/\/ugurozalit.com\/#website","url":"https:\/\/ugurozalit.com\/","name":"U\u011fur Ozalit Dijital Bask\u0131 Merkezi","description":"","publisher":{"@id":"https:\/\/ugurozalit.com\/#organization"},"potentialAction":[{"@type":"SearchAction","target":{"@type":"EntryPoint","urlTemplate":"https:\/\/ugurozalit.com\/?s={search_term_string}"},"query-input":{"@type":"PropertyValueSpecification","valueRequired":true,"valueName":"search_term_string"}}],"inLanguage":"tr"},{"@type":"Organization","@id":"https:\/\/ugurozalit.com\/#organization","name":"U\u011fur Ozalit Dijital Bask\u0131 Merkezi","url":"https:\/\/ugurozalit.com\/","logo":{"@type":"ImageObject","inLanguage":"tr","@id":"https:\/\/ugurozalit.com\/#\/schema\/logo\/image\/","url":"https:\/\/ugurozalit.com\/wp-content\/uploads\/2023\/12\/UGUR-LOGO.png","contentUrl":"https:\/\/ugurozalit.com\/wp-content\/uploads\/2023\/12\/UGUR-LOGO.png","width":1654,"height":1652,"caption":"U\u011fur Ozalit Dijital Bask\u0131 Merkezi"},"image":{"@id":"https:\/\/ugurozalit.com\/#\/schema\/logo\/image\/"},"sameAs":["https:\/\/www.instagram.com\/ugurdijitalbaski\/"]}]}},"_links":{"self":[{"href":"https:\/\/ugurozalit.com\/index.php\/wp-json\/wp\/v2\/pages\/26","targetHints":{"allow":["GET"]}}],"collection":[{"href":"https:\/\/ugurozalit.com\/index.php\/wp-json\/wp\/v2\/pages"}],"about":[{"href":"https:\/\/ugurozalit.com\/index.php\/wp-json\/wp\/v2\/types\/page"}],"author":[{"embeddable":true,"href":"https:\/\/ugurozalit.com\/index.php\/wp-json\/wp\/v2\/users\/1"}],"replies":[{"embeddable":true,"href":"https:\/\/ugurozalit.com\/index.php\/wp-json\/wp\/v2\/comments?post=26"}],"version-history":[{"count":8,"href":"https:\/\/ugurozalit.com\/index.php\/wp-json\/wp\/v2\/pages\/26\/revisions"}],"predecessor-version":[{"id":73,"href":"https:\/\/ugurozalit.com\/index.php\/wp-json\/wp\/v2\/pages\/26\/revisions\/73"}],"wp:attachment":[{"href":"https:\/\/ugurozalit.com\/index.php\/wp-json\/wp\/v2\/media?parent=26"}],"curies":[{"name":"wp","href":"https:\/\/api.w.org\/{rel}","templated":true}]}}